{"id":420,"date":"2020-07-08T13:36:08","date_gmt":"2020-07-08T11:36:08","guid":{"rendered":"http:\/\/www.twr.at\/wp\/?page_id=420"},"modified":"2020-11-13T13:45:42","modified_gmt":"2020-11-13T12:45:42","slug":"franz-poledne-1873-1932-werkliste","status":"publish","type":"page","link":"https:\/\/www.exlibris.or.at\/?page_id=420","title":{"rendered":"Franz Poledne 1873-1932, Werkliste."},"content":{"rendered":"\n<p><\/p>\n\n\n\n<p>Diese\nWerkliste ist jener des Gutenberg \u2013 Kataloges angen\u00e4hert.<\/p>\n\n\n\n<p>Nachweise:<\/p>\n\n\n\n<p>Gut Kat\u00a0= Gut \u2013 Kat 2 = Exlibris \u2013 Schutt \u2013 Kehm, Elke: Katalog des Gutenberg \u2013\u00a0 Museums 2. Teil, A \u2013 K, Nr. 13.478 \u2013 30.605, S. 553; 1685 Abbildungen, \u00a9 1998 by Verlag Claus Wittal, Wiesbaden, ISBN 3-922-835-31-7. <\/p>\n\n\n\n<p>SLG. Rath = Exlibris-Sammlung von Brigitte und Peter\nRath in Wien<\/p>\n\n\n\n<p>1) Gesellschaft der Geschichtsfreunde; Kli; ca.\n118&#215;49; sw; o,J.; s; An Wegkreuz stehender Wanderer, Notizen machend. Nachweis:\nGut. Kat. 2, L-Z, Nr. 36.524; Stock; Slg. Rath &nbsp;<\/p>\n\n\n\n<p>2) Franz Baumann; Kli, 130&#215;70; sw; 1903; s;\nFl\u00fcchtender B\u00fccherdieb mit Hut, sechs B\u00fccherhaltend, verfolgender Gendarm mit Streitaxt\nin der rechten Hand. Nachweis: Slg. Rath.&nbsp;\n&nbsp;<\/p>\n\n\n\n<p>3) Eduard Dillmann; Rasterkli.; 147&#215;107; dreifarbig;\no.J. (vor 1922); s; Vor einer Gartenbank in Klostergarten lesender M\u00f6nch, nach\nlinks schreitend. Nachweis: Gut. Kat. 2, L-Z, Nr. 36.525; Stock; Slg. Rath<\/p>\n\n\n\n<p>4) Anna u. Longin Hetzer; (Heinrich Longin Hetzer,\nReinigungswerke, Wien: Industrie Kompass); Kli; 98&#215;64; sw, r\u00f6tlich, auch lila;\no.J.; s; Mann linksschauend am Schiffsrad mit S\u00fcdwester, davor Frau auch nach\nlinks deutend. Davor Reling mit Rettungsring mit der Inschrift W.R.W; Nachweis:\nSlg Rath<\/p>\n\n\n\n<p>5) Emma Louise Hetzer; Kli; 90&#215;67; sw; o.J.; s;\nSitzende Dame im Rokokokleid, auf Bank sitzend mit Stab in der rechten Hand.\naufgeschlagenes Buch in der linken Hand am Scho\u00df. Nachweis: Slg. Rath &nbsp;&nbsp;&nbsp;&nbsp;<\/p>\n\n\n\n<p>6) Karl Koch (1864-1905,Buchh\u00e4ndler, Antiquar u. Beamter. Mitbegr\u00fcnder\nder \u00d6EG. Bibliophilen- u. Exlibrissammler, auch Sammler von Wappen, Drucker u.\nVerlegerzeichen, Ansichtskaten v. Schl\u00f6ssern, Burgen u. Kl\u00f6stern. Sammlung v.\nca. 8000 Bl\u00e4ttern ca. 300 Super-Exlibris. Nach dem Tode verkauft an: Dr. Rudolf\nNeumann, Reichenberg und Fried. Perutz in Prag); Kli; 112&#215;81; sw; o.J.; s; Auf\nTreppe unter Bogen steh. Ritter, dahinter Stadt mit Burg auf d. Kahlenberg\n(Wien). Nachweis: Gut. Kat. 2, L-Z, Nr. 36.526; \u00d6EG Jb. 1903 S. 57 Abb.; Stock;\nSlg. Rath<\/p>\n\n\n\n<p>7) Franz Poledne; Kli; 115&#215;80; +mehrfarbig; o.J.; ipse fecit; Lesender\nMann, im Fauteuil sitzend vor Kamin mit Pendeluhr und Kommode. Nachweis: Slg.\nRath&nbsp; <\/p>\n\n\n\n<p>8) Moritz Edler von Weittenhiller, (Daten siehe Werkliste Weittenhiller);\nRasterkli; 142&#215;50; mehrfarbig; 1904; s; Mittelalterl. Gelehrter, an Tisch steh.\nu. Schreibend, nach links; links unten Wappenschild. Nachweis: Gut. Kat. 2,\nL-Z, Nr. 36.527; Stock; Slg. Rath&nbsp; <\/p>\n\n\n\n<p>9) Franz Witopil; Kli; 94&#215;65, 128&#215;90; rot-beige auf s, blau, grau-w;\n1902; s; Heiliger (Halbfigur) mit Buch u. Schreibfeder. Klein links unten\nbeschrieben mit: St. Ambrosi. Motto: Probitate et labore. Variante: Litho;\n130&#215;91; Nachweis: Gut. Kat. 2, L-Z; \u00d6EG Jb. 1903 S. 56, Abb,, Stock; Slg. Rath <\/p>\n\n\n\n<p>&nbsp;10) Franz Wytopil; Rasterkli;\n100&#215;55; sw; o.J; s; zwei Studenten mit St\u00f6cken, Hut u. Kappe auf der Walz,\ndahinter Kirche; Motto oben: Nur nicht m\u00fcde werden; Slg. Rath&nbsp;&nbsp;&nbsp; <\/p>\n\n\n\n<p>Erstellt von Peter Rath \u00a9, Edelsinnstr. 66, 1120 Wien, 2019\/2020<\/p>\n","protected":false},"excerpt":{"rendered":"<p>Diese Werkliste ist jener des Gutenberg \u2013 Kataloges angen\u00e4hert. Nachweise: Gut Kat\u00a0= Gut \u2013 Kat 2 = Exlibris \u2013 Schutt \u2013 Kehm, Elke: Katalog des Gutenberg \u2013\u00a0 Museums 2. Teil, A \u2013 K, Nr. 13.478 \u2013 30.605, S. 553; 1685 Abbildungen, \u00a9 1998 by Verlag Claus Wittal, Wiesbaden, ISBN 3-922-835-31-7. SLG. Rath = Exlibris-Sammlung von &hellip; <a href=\"https:\/\/www.exlibris.or.at\/?page_id=420\" class=\"more-link\"><span class=\"screen-reader-text\">Franz Poledne 1873-1932, Werkliste.<\/span> weiterlesen<\/a><\/p>\n","protected":false},"author":1,"featured_media":0,"parent":0,"menu_order":0,"comment_status":"closed","ping_status":"closed","template":"","meta":{"footnotes":""},"_links":{"self":[{"href":"https:\/\/www.exlibris.or.at\/index.php?rest_route=\/wp\/v2\/pages\/420"}],"collection":[{"href":"https:\/\/www.exlibris.or.at\/index.php?rest_route=\/wp\/v2\/pages"}],"about":[{"href":"https:\/\/www.exlibris.or.at\/index.php?rest_route=\/wp\/v2\/types\/page"}],"author":[{"embeddable":true,"href":"https:\/\/www.exlibris.or.at\/index.php?rest_route=\/wp\/v2\/users\/1"}],"replies":[{"embeddable":true,"href":"https:\/\/www.exlibris.or.at\/index.php?rest_route=%2Fwp%2Fv2%2Fcomments&post=420"}],"version-history":[{"count":2,"href":"https:\/\/www.exlibris.or.at\/index.php?rest_route=\/wp\/v2\/pages\/420\/revisions"}],"predecessor-version":[{"id":790,"href":"https:\/\/www.exlibris.or.at\/index.php?rest_route=\/wp\/v2\/pages\/420\/revisions\/790"}],"wp:attachment":[{"href":"https:\/\/www.exlibris.or.at\/index.php?rest_route=%2Fwp%2Fv2%2Fmedia&parent=420"}],"curies":[{"name":"wp","href":"https:\/\/api.w.org\/{rel}","templated":true}]}}