{"id":365,"date":"2020-06-25T15:33:49","date_gmt":"2020-06-25T13:33:49","guid":{"rendered":"http:\/\/www.twr.at\/wp\/?page_id=365"},"modified":"2020-06-25T15:33:49","modified_gmt":"2020-06-25T13:33:49","slug":"anton-kaiser","status":"publish","type":"page","link":"https:\/\/www.exlibris.or.at\/?page_id=365","title":{"rendered":"Anton Kaiser"},"content":{"rendered":"\n<p>Biographie\nvon Anton Kaiser<\/p>\n\n\n\n<p>Anton\nKaiser, Graphiker und Radierer in Wien. Geb. in Wien 5.11.1863 gest. Wien\n24.5.1944. (Zfh Wien). Sch\u00fcler an der Wiener Kunstgewerbeschule, sp\u00e4ter bei W.\nUnger, auch sein Assistent an der Akademie der bildenden K\u00fcnste in Wien. Graphiker\nund Aquarellist und Reproduktionsstecher f\u00fcr repr\u00e4sentative Prachtwerke. Mitglied\ndes Wiener K\u00fcnstlerhause ab 29.2.1896, im Aquarelisten-Clubs, im&nbsp; Maler \u2013 Verband, im Radfahrer-Club, ab 1938\nvon Zahlungen befreit. Wurde in seinen letzten Lebensjahren vom K\u00fcnstlerhaus\nfinanziell unterst\u00fctz. Als vielseitiger selbst\u00e4ndiger Zeichner, Radierer und\nStecher schuf er Stilleben, Landschaften Portraits Exlibris und\nGebrauchsgraphik. (siehe Aichelburg)<\/p>\n\n\n\n<p>Literatur,\nAuswahl:<\/p>\n\n\n\n<p>\u00d6EG\nJb. 1\/1903 S.14; 3\/1905, S. 64; 1. 15\/1917, S. 37. &nbsp;<\/p>\n\n\n\n<p>Exlibris\nZeitschrift f\u00fcr B\u00fccherzeichen, Bibliothekskunde,11\/1901 S. 43; 12\/1902, S.\n21&nbsp; u. 73. <\/p>\n\n\n\n<p>Exlibris,\nBuchkunst u. angewandte Graphik\u202615\/1905 S. 155; 1908\/ S. 121. <\/p>\n\n\n\n<p>Kellner,\nStephan: Ex libris und Gelegenheitsgraphik, Budapest 1921. <\/p>\n\n\n\n<p>Schwenke\nJ.: Het exlibrid in Oostenrik, Amsterdam 1937. <\/p>\n\n\n\n<p>Schutt-Kehm:\nExlibris Katalog der Gutenberg \u2013 Museums, Wiesbaden, T. 2, 1998. <\/p>\n\n\n\n<p>Schutt-Kehm:\nDas Exlibris, eine Kulturgeschichte in 1.600 Abbildungen, Dortmund 1990. Fuchs,\nHeinrich: Die \u00f6sterreichischen Maler des 19. Jahrhunderts, Wien, 2, G-K 1973. &nbsp;<\/p>\n\n\n\n<p>R.\nSchmidt Nachlas in der \u00f6sterreichischen Galerie \u2013 Research-Center Belvedere. <\/p>\n\n\n\n<p>Eisenberg,\nD: Das geistige Wien. <\/p>\n\n\n\n<p>Kosel:\nDeutsch-\u00f6sterr. K\u00fcnstlerlexikon. <\/p>\n\n\n\n<p>\u00d6BL\n1815-1950. Bd. 3 (Lfg. 12, 1962), S. 180f. &nbsp;<\/p>\n\n\n\n<p>Zitiert\nin vielen Zeitschriften und Kunstjournalen.<\/p>\n\n\n\n<p>Erstellt\nvon Peter Rath \u00a9 Wien, 2\/2020<\/p>\n","protected":false},"excerpt":{"rendered":"<p>Biographie von Anton Kaiser Anton Kaiser, Graphiker und Radierer in Wien. Geb. in Wien 5.11.1863 gest. Wien 24.5.1944. (Zfh Wien). Sch\u00fcler an der Wiener Kunstgewerbeschule, sp\u00e4ter bei W. Unger, auch sein Assistent an der Akademie der bildenden K\u00fcnste in Wien. Graphiker und Aquarellist und Reproduktionsstecher f\u00fcr repr\u00e4sentative Prachtwerke. Mitglied des Wiener K\u00fcnstlerhause ab 29.2.1896, im &hellip; <a href=\"https:\/\/www.exlibris.or.at\/?page_id=365\" class=\"more-link\"><span class=\"screen-reader-text\">Anton Kaiser<\/span> weiterlesen<\/a><\/p>\n","protected":false},"author":1,"featured_media":0,"parent":0,"menu_order":0,"comment_status":"closed","ping_status":"closed","template":"","meta":{"footnotes":""},"_links":{"self":[{"href":"https:\/\/www.exlibris.or.at\/index.php?rest_route=\/wp\/v2\/pages\/365"}],"collection":[{"href":"https:\/\/www.exlibris.or.at\/index.php?rest_route=\/wp\/v2\/pages"}],"about":[{"href":"https:\/\/www.exlibris.or.at\/index.php?rest_route=\/wp\/v2\/types\/page"}],"author":[{"embeddable":true,"href":"https:\/\/www.exlibris.or.at\/index.php?rest_route=\/wp\/v2\/users\/1"}],"replies":[{"embeddable":true,"href":"https:\/\/www.exlibris.or.at\/index.php?rest_route=%2Fwp%2Fv2%2Fcomments&post=365"}],"version-history":[{"count":1,"href":"https:\/\/www.exlibris.or.at\/index.php?rest_route=\/wp\/v2\/pages\/365\/revisions"}],"predecessor-version":[{"id":366,"href":"https:\/\/www.exlibris.or.at\/index.php?rest_route=\/wp\/v2\/pages\/365\/revisions\/366"}],"wp:attachment":[{"href":"https:\/\/www.exlibris.or.at\/index.php?rest_route=%2Fwp%2Fv2%2Fmedia&parent=365"}],"curies":[{"name":"wp","href":"https:\/\/api.w.org\/{rel}","templated":true}]}}