{"id":1872,"date":"2023-10-12T14:18:31","date_gmt":"2023-10-12T12:18:31","guid":{"rendered":"http:\/\/www.exlibris.or.at\/?page_id=1872"},"modified":"2023-10-12T14:18:31","modified_gmt":"2023-10-12T12:18:31","slug":"zlatuschka-josef","status":"publish","type":"page","link":"http:\/\/www.exlibris.or.at\/?page_id=1872","title":{"rendered":"Zlatuschka Josef"},"content":{"rendered":"<div class=\"wp-block-image\">\n<figure class=\"aligncenter size-large is-resized\"><img loading=\"lazy\" decoding=\"async\" src=\"http:\/\/www.exlibris.or.at\/wp-content\/uploads\/2023\/10\/Zlatuschka-Josef--757x1024.jpg\" alt=\"\" class=\"wp-image-1873\" style=\"width:346px;height:468px\" width=\"346\" height=\"468\" srcset=\"http:\/\/www.exlibris.or.at\/wp-content\/uploads\/2023\/10\/Zlatuschka-Josef--757x1024.jpg 757w, http:\/\/www.exlibris.or.at\/wp-content\/uploads\/2023\/10\/Zlatuschka-Josef--222x300.jpg 222w, http:\/\/www.exlibris.or.at\/wp-content\/uploads\/2023\/10\/Zlatuschka-Josef--768x1038.jpg 768w, http:\/\/www.exlibris.or.at\/wp-content\/uploads\/2023\/10\/Zlatuschka-Josef--1136x1536.jpg 1136w, http:\/\/www.exlibris.or.at\/wp-content\/uploads\/2023\/10\/Zlatuschka-Josef-.jpg 1441w\" sizes=\"(max-width: 346px) 100vw, 346px\" \/><\/figure><\/div>\n\n\n<p>Zlatuschka Josef, Wie 10.2.1879 \u2013 5.8.1954, Gersthofer Friedhof. Maler, Radierer. Mitglied im Albrecht D\u00fcrer \u2013 Bund. Exlibris f\u00fcr Alfred Kaufmann, Ok.&nbsp; &nbsp; Ankwicz-Kleehoven Mappe im Belvedere, auch im Werner Schweiger zitiert. Zwei Mal zitiert im Stock, beide ein Exlibris f\u00fcr Marco Birnholz (\u00d6EG Jb. 58). Mulholland: \u00d6EG Jb. 58, S. 34-39. Im Bauer Kat. Ok; im Fuchs \u2013 Maler des 19. Jh. Erg. Bd. 2.&nbsp;&nbsp;<\/p>\n","protected":false},"excerpt":{"rendered":"<p>Zlatuschka Josef, Wie 10.2.1879 \u2013 5.8.1954, Gersthofer Friedhof. Maler, Radierer. Mitglied im Albrecht D\u00fcrer \u2013 Bund. Exlibris f\u00fcr Alfred Kaufmann, Ok.&nbsp; &nbsp; Ankwicz-Kleehoven Mappe im Belvedere, auch im Werner Schweiger zitiert. Zwei Mal zitiert im Stock, beide ein Exlibris f\u00fcr Marco Birnholz (\u00d6EG Jb. 58). Mulholland: \u00d6EG Jb. 58, S. 34-39. Im Bauer Kat. Ok; &hellip; <a href=\"http:\/\/www.exlibris.or.at\/?page_id=1872\" class=\"more-link\"><span class=\"screen-reader-text\">Zlatuschka Josef<\/span> weiterlesen<\/a><\/p>\n","protected":false},"author":1,"featured_media":0,"parent":0,"menu_order":0,"comment_status":"closed","ping_status":"closed","template":"","meta":{"footnotes":""},"_links":{"self":[{"href":"http:\/\/www.exlibris.or.at\/index.php?rest_route=\/wp\/v2\/pages\/1872"}],"collection":[{"href":"http:\/\/www.exlibris.or.at\/index.php?rest_route=\/wp\/v2\/pages"}],"about":[{"href":"http:\/\/www.exlibris.or.at\/index.php?rest_route=\/wp\/v2\/types\/page"}],"author":[{"embeddable":true,"href":"http:\/\/www.exlibris.or.at\/index.php?rest_route=\/wp\/v2\/users\/1"}],"replies":[{"embeddable":true,"href":"http:\/\/www.exlibris.or.at\/index.php?rest_route=%2Fwp%2Fv2%2Fcomments&post=1872"}],"version-history":[{"count":1,"href":"http:\/\/www.exlibris.or.at\/index.php?rest_route=\/wp\/v2\/pages\/1872\/revisions"}],"predecessor-version":[{"id":1874,"href":"http:\/\/www.exlibris.or.at\/index.php?rest_route=\/wp\/v2\/pages\/1872\/revisions\/1874"}],"wp:attachment":[{"href":"http:\/\/www.exlibris.or.at\/index.php?rest_route=%2Fwp%2Fv2%2Fmedia&parent=1872"}],"curies":[{"name":"wp","href":"https:\/\/api.w.org\/{rel}","templated":true}]}}