{"id":1822,"date":"2023-05-08T10:46:59","date_gmt":"2023-05-08T08:46:59","guid":{"rendered":"http:\/\/www.exlibris.or.at\/?page_id=1822"},"modified":"2023-05-08T10:48:37","modified_gmt":"2023-05-08T08:48:37","slug":"peter-prochaska","status":"publish","type":"page","link":"http:\/\/www.exlibris.or.at\/?page_id=1822","title":{"rendered":"Peter Prochaska"},"content":{"rendered":"\n<p>Peter Prochaska 1930 \u2013 2014<\/p>\n\n\n\n<p>Peter Prochaska\nwurde 1930 in Br\u00fcnn geboren und ist 2014 gestorben. Nach dem Medizinstudium in\nWien wurde er Gyn\u00e4kologe und gleichzeitig externer Sch\u00fcler der Graphischen\nLehr- und Versuchsanstalt in Wien in den F\u00e4chern Kupferstich bei Hans Ranzoni\nd.J., und Lithographie bei Josef Quittan. <\/p>\n\n\n\n<div class=\"wp-block-image\"><figure class=\"aligncenter size-large is-resized\"><img loading=\"lazy\" decoding=\"async\" src=\"http:\/\/www.exlibris.or.at\/wp-content\/uploads\/2023\/05\/Peter-Prochaska-f\u00fcr-Dr.-Robert-Buchberger-1024x788.jpg\" alt=\"\" class=\"wp-image-1825\" width=\"522\" height=\"401\" srcset=\"http:\/\/www.exlibris.or.at\/wp-content\/uploads\/2023\/05\/Peter-Prochaska-f\u00fcr-Dr.-Robert-Buchberger-1024x788.jpg 1024w, http:\/\/www.exlibris.or.at\/wp-content\/uploads\/2023\/05\/Peter-Prochaska-f\u00fcr-Dr.-Robert-Buchberger-300x231.jpg 300w, http:\/\/www.exlibris.or.at\/wp-content\/uploads\/2023\/05\/Peter-Prochaska-f\u00fcr-Dr.-Robert-Buchberger-768x591.jpg 768w, http:\/\/www.exlibris.or.at\/wp-content\/uploads\/2023\/05\/Peter-Prochaska-f\u00fcr-Dr.-Robert-Buchberger.jpg 1393w\" sizes=\"(max-width: 522px) 100vw, 522px\" \/><\/figure><\/div>\n\n\n\n<p>Erster\nmalunterricht 1947 bei Karl Hoffmann, sp\u00e4ter bei Matejka-Felden und Wilhelm\nKaufmann und vor allem im Abendakt an der Akademie bei Herbert Boeckl.\nExpressionistische Malweise in Tempera. \u00d6l, und Akryl, vorwiegend figurale\nDarstellungen, Akte und Landschaften. Charakteristisch ist ein oft\ndurchscheinendes graphisches Strukturieren des Bildes aus der Tiefe heraus.\nEbenso ein&nbsp; reichhaltiges Oevre von\nRadierungen, z. B. 1999 die Aquatintaserie \u201eApokalyptische Symphonie\u201c. <\/p>\n\n\n\n<figure class=\"wp-block-gallery columns-2 is-cropped wp-block-gallery-1 is-layout-flex wp-block-gallery-is-layout-flex\"><ul class=\"blocks-gallery-grid\"><li class=\"blocks-gallery-item\"><figure><img loading=\"lazy\" decoding=\"async\" width=\"827\" height=\"1024\" src=\"http:\/\/www.exlibris.or.at\/wp-content\/uploads\/2023\/05\/Peter-Prochaska-f\u00fcr-Rudolf-Poysdorfer-827x1024.jpg\" alt=\"\" data-id=\"1826\" data-full-url=\"http:\/\/www.exlibris.or.at\/wp-content\/uploads\/2023\/05\/Peter-Prochaska-f\u00fcr-Rudolf-Poysdorfer.jpg\" data-link=\"http:\/\/www.exlibris.or.at\/?attachment_id=1826\" class=\"wp-image-1826\" srcset=\"http:\/\/www.exlibris.or.at\/wp-content\/uploads\/2023\/05\/Peter-Prochaska-f\u00fcr-Rudolf-Poysdorfer-827x1024.jpg 827w, http:\/\/www.exlibris.or.at\/wp-content\/uploads\/2023\/05\/Peter-Prochaska-f\u00fcr-Rudolf-Poysdorfer-242x300.jpg 242w, http:\/\/www.exlibris.or.at\/wp-content\/uploads\/2023\/05\/Peter-Prochaska-f\u00fcr-Rudolf-Poysdorfer-768x951.jpg 768w, http:\/\/www.exlibris.or.at\/wp-content\/uploads\/2023\/05\/Peter-Prochaska-f\u00fcr-Rudolf-Poysdorfer.jpg 1064w\" sizes=\"(max-width: 827px) 100vw, 827px\" \/><\/figure><\/li><li class=\"blocks-gallery-item\"><figure><img loading=\"lazy\" decoding=\"async\" width=\"975\" height=\"1024\" src=\"http:\/\/www.exlibris.or.at\/wp-content\/uploads\/2023\/05\/Peter-Prochaska-f\u00fcr-Edith-Prochaska-975x1024.jpg\" alt=\"\" data-id=\"1827\" data-full-url=\"http:\/\/www.exlibris.or.at\/wp-content\/uploads\/2023\/05\/Peter-Prochaska-f\u00fcr-Edith-Prochaska.jpg\" data-link=\"http:\/\/www.exlibris.or.at\/?attachment_id=1827\" class=\"wp-image-1827\" srcset=\"http:\/\/www.exlibris.or.at\/wp-content\/uploads\/2023\/05\/Peter-Prochaska-f\u00fcr-Edith-Prochaska-975x1024.jpg 975w, http:\/\/www.exlibris.or.at\/wp-content\/uploads\/2023\/05\/Peter-Prochaska-f\u00fcr-Edith-Prochaska-286x300.jpg 286w, http:\/\/www.exlibris.or.at\/wp-content\/uploads\/2023\/05\/Peter-Prochaska-f\u00fcr-Edith-Prochaska-768x806.jpg 768w, http:\/\/www.exlibris.or.at\/wp-content\/uploads\/2023\/05\/Peter-Prochaska-f\u00fcr-Edith-Prochaska.jpg 1039w\" sizes=\"(max-width: 975px) 100vw, 975px\" \/><\/figure><\/li><\/ul><\/figure>\n\n\n\n<p>Peter Prochaska,\nist ein \u00f6sterreichischer Sp\u00e4texpressionist, der eigenst\u00e4ndige, an Beharrung und\nTradition orientierte Qualit\u00e4t in die Szene malender \u00c4rzte und \u00c4rztinnen\neinbringt. (Dr. Dieter Schrage.)<\/p>\n\n\n\n<p>Peter Prochaska,\nerste Einzelausstellung 1958 in der Kleinen Galerie Neudeggergasse, Wien. Seit\n1980 representiert durch United Art Gallery 1020 Wien, Leopoldgasse 9 (Katalog\n\u201ePeter Prochaska 1995). Dr. Peter Prochaska ist weder im Gutenberg Museums-Katalog,\nnoch in der Stock Exlibris Datenbank erw\u00e4hnt!!!&nbsp;\n<\/p>\n\n\n\n<p>Ausstellungen \/\nVeranstaltungen<\/p>\n\n\n\n<ul><li>2006 <a href=\"https:\/\/www.basis-wien.at\/db\/event\/69567\">Kunst und\n     Medizin<\/a>, Veterin\u00e4rmedzinische Universit\u00e4t Wien <\/li><li>2001 <a href=\"https:\/\/www.basis-wien.at\/db\/event\/51533\">Peter Prochaska.\nFrauen &#8211; Frauen<\/a>, Galerie M,\nGrafikdesign, Malerei <\/li><li>1986 <a href=\"https:\/\/www.basis-wien.at\/db\/event\/9516\">Wien<\/a>, United Art Gallery,\n     Aquarell <\/li><\/ul>\n\n\n\n<p>Exlibriswerkliste:<\/p>\n\n\n\n<p>Dr. Robert\nBuchberger; Rad; 51&#215;73; sw; hs; Antiker Streitwagen , ein Pferd, ein\nPferdtreiber, zwei Krieger mit Lanzen; Slg. Rath. <\/p>\n\n\n\n<p>Rudolf\nPoysdorfer; Rad; 70&#215;50; hellbraun; hs; Bl\u00fcte; Slg. Rath.<\/p>\n\n\n\n<p>Edith Prochaska; Rad; 50&#215;50; sw; hs; Blumenstrau\u00df;\nSlg. Rath. &nbsp;<\/p>\n","protected":false},"excerpt":{"rendered":"<p>Peter Prochaska 1930 \u2013 2014 Peter Prochaska wurde 1930 in Br\u00fcnn geboren und ist 2014 gestorben. Nach dem Medizinstudium in Wien wurde er Gyn\u00e4kologe und gleichzeitig externer Sch\u00fcler der Graphischen Lehr- und Versuchsanstalt in Wien in den F\u00e4chern Kupferstich bei Hans Ranzoni d.J., und Lithographie bei Josef Quittan. Erster malunterricht 1947 bei Karl Hoffmann, sp\u00e4ter &hellip; <a href=\"http:\/\/www.exlibris.or.at\/?page_id=1822\" class=\"more-link\"><span class=\"screen-reader-text\">Peter Prochaska<\/span> weiterlesen<\/a><\/p>\n","protected":false},"author":1,"featured_media":0,"parent":0,"menu_order":0,"comment_status":"closed","ping_status":"closed","template":"","meta":{"footnotes":""},"_links":{"self":[{"href":"http:\/\/www.exlibris.or.at\/index.php?rest_route=\/wp\/v2\/pages\/1822"}],"collection":[{"href":"http:\/\/www.exlibris.or.at\/index.php?rest_route=\/wp\/v2\/pages"}],"about":[{"href":"http:\/\/www.exlibris.or.at\/index.php?rest_route=\/wp\/v2\/types\/page"}],"author":[{"embeddable":true,"href":"http:\/\/www.exlibris.or.at\/index.php?rest_route=\/wp\/v2\/users\/1"}],"replies":[{"embeddable":true,"href":"http:\/\/www.exlibris.or.at\/index.php?rest_route=%2Fwp%2Fv2%2Fcomments&post=1822"}],"version-history":[{"count":2,"href":"http:\/\/www.exlibris.or.at\/index.php?rest_route=\/wp\/v2\/pages\/1822\/revisions"}],"predecessor-version":[{"id":1828,"href":"http:\/\/www.exlibris.or.at\/index.php?rest_route=\/wp\/v2\/pages\/1822\/revisions\/1828"}],"wp:attachment":[{"href":"http:\/\/www.exlibris.or.at\/index.php?rest_route=%2Fwp%2Fv2%2Fmedia&parent=1822"}],"curies":[{"name":"wp","href":"https:\/\/api.w.org\/{rel}","templated":true}]}}

<p>Peter Prochaska 1930 – 2014</p>



<p>Peter Prochaska
wurde 1930 in Brünn geboren und ist 2014 gestorben. Nach dem Medizinstudium in
Wien wurde er Gynäkologe und gleichzeitig externer Schüler der Graphischen
Lehr- und Versuchsanstalt in Wien in den Fächern Kupferstich bei Hans Ranzoni
d.J., und Lithographie bei Josef Quittan. </p>



<div class="wp-block-image"><figure class="aligncenter size-large is-resized"><img loading="lazy" decoding="async" src="http://www.exlibris.or.at/wp-content/uploads/2023/05/Peter-Prochaska-für-Dr.-Robert-Buchberger-1024x788.jpg" alt="" class="wp-image-1825" width="522" height="401" srcset="http://www.exlibris.or.at/wp-content/uploads/2023/05/Peter-Prochaska-für-Dr.-Robert-Buchberger-1024x788.jpg 1024w, http://www.exlibris.or.at/wp-content/uploads/2023/05/Peter-Prochaska-für-Dr.-Robert-Buchberger-300x231.jpg 300w, http://www.exlibris.or.at/wp-content/uploads/2023/05/Peter-Prochaska-für-Dr.-Robert-Buchberger-768x591.jpg 768w, http://www.exlibris.or.at/wp-content/uploads/2023/05/Peter-Prochaska-für-Dr.-Robert-Buchberger.jpg 1393w" sizes="(max-width: 522px) 100vw, 522px" /></figure></div>



<p>Erster
malunterricht 1947 bei Karl Hoffmann, später bei Matejka-Felden und Wilhelm
Kaufmann und vor allem im Abendakt an der Akademie bei Herbert Boeckl.
Expressionistische Malweise in Tempera. Öl, und Akryl, vorwiegend figurale
Darstellungen, Akte und Landschaften. Charakteristisch ist ein oft
durchscheinendes graphisches Strukturieren des Bildes aus der Tiefe heraus.
Ebenso ein&nbsp; reichhaltiges Oevre von
Radierungen, z. B. 1999 die Aquatintaserie „Apokalyptische Symphonie“. </p>



<figure class="wp-block-gallery columns-2 is-cropped wp-block-gallery-1 is-layout-flex wp-block-gallery-is-layout-flex"><ul class="blocks-gallery-grid"><li class="blocks-gallery-item"><figure><img loading="lazy" decoding="async" width="827" height="1024" src="http://www.exlibris.or.at/wp-content/uploads/2023/05/Peter-Prochaska-für-Rudolf-Poysdorfer-827x1024.jpg" alt="" data-id="1826" data-full-url="http://www.exlibris.or.at/wp-content/uploads/2023/05/Peter-Prochaska-für-Rudolf-Poysdorfer.jpg" data-link="http://www.exlibris.or.at/?attachment_id=1826" class="wp-image-1826" srcset="http://www.exlibris.or.at/wp-content/uploads/2023/05/Peter-Prochaska-für-Rudolf-Poysdorfer-827x1024.jpg 827w, http://www.exlibris.or.at/wp-content/uploads/2023/05/Peter-Prochaska-für-Rudolf-Poysdorfer-242x300.jpg 242w, http://www.exlibris.or.at/wp-content/uploads/2023/05/Peter-Prochaska-für-Rudolf-Poysdorfer-768x951.jpg 768w, http://www.exlibris.or.at/wp-content/uploads/2023/05/Peter-Prochaska-für-Rudolf-Poysdorfer.jpg 1064w" sizes="(max-width: 827px) 100vw, 827px" /></figure></li><li class="blocks-gallery-item"><figure><img loading="lazy" decoding="async" width="975" height="1024" src="http://www.exlibris.or.at/wp-content/uploads/2023/05/Peter-Prochaska-für-Edith-Prochaska-975x1024.jpg" alt="" data-id="1827" data-full-url="http://www.exlibris.or.at/wp-content/uploads/2023/05/Peter-Prochaska-für-Edith-Prochaska.jpg" data-link="http://www.exlibris.or.at/?attachment_id=1827" class="wp-image-1827" srcset="http://www.exlibris.or.at/wp-content/uploads/2023/05/Peter-Prochaska-für-Edith-Prochaska-975x1024.jpg 975w, http://www.exlibris.or.at/wp-content/uploads/2023/05/Peter-Prochaska-für-Edith-Prochaska-286x300.jpg 286w, http://www.exlibris.or.at/wp-content/uploads/2023/05/Peter-Prochaska-für-Edith-Prochaska-768x806.jpg 768w, http://www.exlibris.or.at/wp-content/uploads/2023/05/Peter-Prochaska-für-Edith-Prochaska.jpg 1039w" sizes="(max-width: 975px) 100vw, 975px" /></figure></li></ul></figure>



<p>Peter Prochaska,
ist ein österreichischer Spätexpressionist, der eigenständige, an Beharrung und
Tradition orientierte Qualität in die Szene malender Ärzte und Ärztinnen
einbringt. (Dr. Dieter Schrage.)</p>



<p>Peter Prochaska,
erste Einzelausstellung 1958 in der Kleinen Galerie Neudeggergasse, Wien. Seit
1980 representiert durch United Art Gallery 1020 Wien, Leopoldgasse 9 (Katalog
„Peter Prochaska 1995). Dr. Peter Prochaska ist weder im Gutenberg Museums-Katalog,
noch in der Stock Exlibris Datenbank erwähnt!!!&nbsp;
</p>



<p>Ausstellungen /
Veranstaltungen</p>



<ul><li>2006 <a href="https://www.basis-wien.at/db/event/69567">Kunst und
     Medizin</a>, Veterinärmedzinische Universität Wien </li><li>2001 <a href="https://www.basis-wien.at/db/event/51533">Peter Prochaska.
Frauen &#8211; Frauen</a>, Galerie M,
Grafikdesign, Malerei </li><li>1986 <a href="https://www.basis-wien.at/db/event/9516">Wien</a>, United Art Gallery,
     Aquarell </li></ul>



<p>Exlibriswerkliste:</p>



<p>Dr. Robert
Buchberger; Rad; 51&#215;73; sw; hs; Antiker Streitwagen , ein Pferd, ein
Pferdtreiber, zwei Krieger mit Lanzen; Slg. Rath. </p>



<p>Rudolf
Poysdorfer; Rad; 70&#215;50; hellbraun; hs; Blüte; Slg. Rath.</p>



<p>Edith Prochaska; Rad; 50&#215;50; sw; hs; Blumenstrauß;
Slg. Rath. &nbsp;</p>

<p>Peter Prochaska 1930 – 2014 Peter Prochaska wurde 1930 in Brünn geboren und ist 2014 gestorben. Nach dem Medizinstudium in Wien wurde er Gynäkologe und gleichzeitig externer Schüler der Graphischen Lehr- und Versuchsanstalt in Wien in den Fächern Kupferstich bei Hans Ranzoni d.J., und Lithographie bei Josef Quittan. Erster malunterricht 1947 bei Karl Hoffmann, später &hellip; <a href="http://www.exlibris.or.at/?page_id=1822" class="more-link"><span class="screen-reader-text">Peter Prochaska</span> weiterlesen</a></p>
