{"id":1750,"date":"2023-01-24T13:45:15","date_gmt":"2023-01-24T12:45:15","guid":{"rendered":"http:\/\/www.exlibris.or.at\/?page_id=1750"},"modified":"2023-01-24T13:49:05","modified_gmt":"2023-01-24T12:49:05","slug":"adalbert-franz-seligmann-wien-02-04-1862-13-12-1945-wien","status":"publish","type":"page","link":"http:\/\/www.exlibris.or.at\/?page_id=1750","title":{"rendered":"Adalbert Franz Seligmann Wien 02.04.1862 \u2013 13.12.1945 Wien"},"content":{"rendered":"\n<div class=\"wp-block-image\"><figure class=\"aligncenter size-large is-resized\"><img loading=\"lazy\" decoding=\"async\" src=\"http:\/\/www.exlibris.or.at\/wp-content\/uploads\/2023\/01\/Sigmund-Seeligmann-von-unbekannten-K\u00fcnstler-1024x644.jpg\" alt=\"\" class=\"wp-image-1751\" width=\"294\" height=\"185\" srcset=\"http:\/\/www.exlibris.or.at\/wp-content\/uploads\/2023\/01\/Sigmund-Seeligmann-von-unbekannten-K\u00fcnstler-1024x644.jpg 1024w, http:\/\/www.exlibris.or.at\/wp-content\/uploads\/2023\/01\/Sigmund-Seeligmann-von-unbekannten-K\u00fcnstler-300x189.jpg 300w, http:\/\/www.exlibris.or.at\/wp-content\/uploads\/2023\/01\/Sigmund-Seeligmann-von-unbekannten-K\u00fcnstler-768x483.jpg 768w, http:\/\/www.exlibris.or.at\/wp-content\/uploads\/2023\/01\/Sigmund-Seeligmann-von-unbekannten-K\u00fcnstler.jpg 1419w\" sizes=\"(max-width: 294px) 100vw, 294px\" \/><\/figure><\/div>\n\n\n\n<div class=\"wp-block-image\"><figure class=\"aligncenter size-large\"><img loading=\"lazy\" decoding=\"async\" width=\"258\" height=\"322\" src=\"http:\/\/www.exlibris.or.at\/wp-content\/uploads\/2023\/01\/david.jpg\" alt=\"\" class=\"wp-image-1752\" srcset=\"http:\/\/www.exlibris.or.at\/wp-content\/uploads\/2023\/01\/david.jpg 258w, http:\/\/www.exlibris.or.at\/wp-content\/uploads\/2023\/01\/david-240x300.jpg 240w\" sizes=\"(max-width: 258px) 100vw, 258px\" \/><\/figure><\/div>\n\n\n\n<p>Adalbert Franz\nSeligmann, Wien 02.04.1862 \u2013 Wien 13.12.1945. Maler, Historienmaler,\nGraphiker, Lithograph (L1), Illustrator und Kunstschriftsteller. Studierte\nan der Akademie der bildenden K\u00fcnste bei Christian Griepenkerl und Carl\nWurzinger, 1884-87 Meistersch\u00fcler bei Alexander Wagner an der M\u00fcnchener Kunst\nAkademie. Studienreisen nach Deutschland, Frankreich, Italien, dem Balkan und\nin die T\u00fcrkei. Kunstkritiker und Feuilletonist, u. a. f\u00fcr die Neue Freie\nPresse, f\u00f6rderte den Pleinairismus, bek\u00e4mpfte aber die zeitgen\u00f6ssische Kunst.\nSeinen Artikeln f\u00fcgte er karikierende Illustrationen in der Formensprache des\nJugendstils bei. Illustrierte Werke von Ludwig Ganghofer. 1889 \u2013 98 Lehrer f\u00fcr\nhistorische Kost\u00fcmkunde am Konservatorium der Gesellschaft der Musikfreunde, ab\n1910 auch Dozent f\u00fcr Kost\u00fcmkunde. Gr\u00fcndete mit weiteren Personen, u. a. Olga\nPrager, Rosa Mayreder, Berta Hartmann, 1897 den Verein Kunstschule f\u00fcr Frauen\nund M\u00e4dchen, wo er als erster Lehrender und erster Obmann wirkte. <\/p>\n\n\n\n<p>Erw\u00e4hnung in: Publikation \/ \u00d6sterreichische Ex Libris-Gesellschaft 1.\n1903, S. 55 [Exlibris Josef Winter]; 2. 1904, S. 72 [Exlibris Felix Schwab];\nDie graphischen K\u00fcnste 32. 1909, S. 55-82; Kellner, S.: Ex Libris und\nGelegenheitsgraphik. Budapest, 1921, S. 157 [EL J. J. David]; Fuchs, Heinrich:\nDie \u00f6sterr. Maler des 19. Jahrhunderts. &#8211; Wien. 4. S-Z. 1974, S. K48-49; Ries,\nH.: Illustration und Illustratoren des Kinder- und Jugendbuchs im deutschsprachigen\nRaum 1871-1914. &#8211; Osnabr\u00fcck, 1992, S. 882; Schutt-Kehm, E.: Exlibris-Katalog\ndes Gutenberg-Museums. Wiesbaden. T. 2. 2003, L-Z, S. 419-421.<\/p>\n\n\n\n<p>Vater des\nK\u00fcnstlers war Dr. Abraham RomeoSeligmann, auch Franz Romeo Seligmann (Nikolsburg\/M\u00e4hren\n30.06.1808-15.09.1892 Wien) k.k. ordentlicher Universit\u00e4ts-Professor (i.R.\n1892) Mitglied der kaiserlich Leopoldinischen Carolinischen Akademie der\nNaturforscher und anderer gelehrten Gesellschaften. Dr. Romeo Seligmann besa\u00df\nFragmente von Beethovens Sch\u00e4del, nun in den USA, im San Jose State\nUniversity\u2019s <a href=\"http:\/\/www.sjsu.edu\/beethoven\/\" target=\"_blank\" rel=\"noreferrer noopener\">Ira F. Brilliant Center for Beethoven Studies<\/a>, wo sie Heute sind. &nbsp;<\/p>\n\n\n\n<p><strong>Exlibris: <\/strong><\/p>\n\n\n\n<p>1) <a>Dr. Jos. Breuer; Kli; 90&#215;60; sw; o. J; Mehrbr\u00fcstige\nweibliche Halbfigur (\u00c4gyptische Gottheit) davor Leier und aufgeschlagenes Buch;\nSlg. Rath<\/a>.<\/p>\n\n\n\n<p>2) <a>J. J. David; Kli; 80&#215;63; sw; o.J; s;\nHalbfigur mit brennender Fackel, vor steinernem Riesengesicht stehend, in\nkreisf\u00f6rmigen Bildfeld mit Rosenrahmung; Abb. 420; Kellner 1921<\/a>.<\/p>\n\n\n\n<p>3) <a>Wilh. Kuffner; Gut Kat\/no, Exlibris \u2013\nSammlung Rathaus-Bibliothek Wien Nr.: 82<\/a>.<\/p>\n\n\n\n<p>4) <a>Felix Schwab; Kli; ca. 74&#215;55; blau-w; o.J; s;\nAuf Ecke eines B\u00fcchertisches sitz., mit Lupe&nbsp;&nbsp;\nLesender, von Lorbeerkranz mit Schleifenband gerahmt; \u00d6EG Jb. 1, 1903; <\/a>Gut\nKat 41.207; Slg. Rath.<\/p>\n\n\n\n<p>5) Josef Winter; Kli; 87&#215;64; sw; 1901; s; In kreisf\u00f6rm. Mittelfeld sitz. Lesender (Halbf.) vor off. Butzenscheibenfenster, nach links; unten links Sphinxenhaupt, rechts \u00c4skulapstab; \u00d6EG Jb. 1, 1903; Gut Kat 41.208; Slg. Rath.<\/p>\n\n\n\n<figure class=\"wp-block-image size-large is-resized\"><img loading=\"lazy\" decoding=\"async\" src=\"http:\/\/www.exlibris.or.at\/wp-content\/uploads\/2023\/01\/gen_seligmann.jpg\" alt=\"\" class=\"wp-image-1755\" width=\"635\" height=\"465\" srcset=\"http:\/\/www.exlibris.or.at\/wp-content\/uploads\/2023\/01\/gen_seligmann.jpg 535w, http:\/\/www.exlibris.or.at\/wp-content\/uploads\/2023\/01\/gen_seligmann-300x220.jpg 300w\" sizes=\"(max-width: 635px) 100vw, 635px\" \/><\/figure>\n","protected":false},"excerpt":{"rendered":"<p>Adalbert Franz Seligmann, Wien 02.04.1862 \u2013 Wien 13.12.1945. Maler, Historienmaler, Graphiker, Lithograph (L1), Illustrator und Kunstschriftsteller. Studierte an der Akademie der bildenden K\u00fcnste bei Christian Griepenkerl und Carl Wurzinger, 1884-87 Meistersch\u00fcler bei Alexander Wagner an der M\u00fcnchener Kunst Akademie. Studienreisen nach Deutschland, Frankreich, Italien, dem Balkan und in die T\u00fcrkei. Kunstkritiker und Feuilletonist, u. a. &hellip; <a href=\"http:\/\/www.exlibris.or.at\/?page_id=1750\" class=\"more-link\"><span class=\"screen-reader-text\">Adalbert Franz Seligmann Wien 02.04.1862 \u2013 13.12.1945 Wien<\/span> weiterlesen<\/a><\/p>\n","protected":false},"author":1,"featured_media":0,"parent":0,"menu_order":0,"comment_status":"closed","ping_status":"closed","template":"","meta":{"footnotes":""},"_links":{"self":[{"href":"http:\/\/www.exlibris.or.at\/index.php?rest_route=\/wp\/v2\/pages\/1750"}],"collection":[{"href":"http:\/\/www.exlibris.or.at\/index.php?rest_route=\/wp\/v2\/pages"}],"about":[{"href":"http:\/\/www.exlibris.or.at\/index.php?rest_route=\/wp\/v2\/types\/page"}],"author":[{"embeddable":true,"href":"http:\/\/www.exlibris.or.at\/index.php?rest_route=\/wp\/v2\/users\/1"}],"replies":[{"embeddable":true,"href":"http:\/\/www.exlibris.or.at\/index.php?rest_route=%2Fwp%2Fv2%2Fcomments&post=1750"}],"version-history":[{"count":3,"href":"http:\/\/www.exlibris.or.at\/index.php?rest_route=\/wp\/v2\/pages\/1750\/revisions"}],"predecessor-version":[{"id":1756,"href":"http:\/\/www.exlibris.or.at\/index.php?rest_route=\/wp\/v2\/pages\/1750\/revisions\/1756"}],"wp:attachment":[{"href":"http:\/\/www.exlibris.or.at\/index.php?rest_route=%2Fwp%2Fv2%2Fmedia&parent=1750"}],"curies":[{"name":"wp","href":"https:\/\/api.w.org\/{rel}","templated":true}]}}