{"id":1150,"date":"2021-03-22T16:38:22","date_gmt":"2021-03-22T15:38:22","guid":{"rendered":"http:\/\/www.exlibris.or.at\/?page_id=1150"},"modified":"2023-05-30T18:22:21","modified_gmt":"2023-05-30T16:22:21","slug":"exlibris-und-kunstsammler","status":"publish","type":"page","link":"http:\/\/www.exlibris.or.at\/?page_id=1150","title":{"rendered":"Exlibris- und Kunstsammler"},"content":{"rendered":"\n<p><a href=\"http:\/\/www.exlibris.or.at\/?page_id=1691\">Thomas Alexander<\/a><\/p>\n\n\n\n<p><a href=\"http:\/\/www.exlibris.or.at\/?page_id=1412\">Carl Andorfer Exlibrissammler<\/a><\/p>\n\n\n\n<p><a href=\"http:\/\/www.exlibris.or.at\/?page_id=1241\">HR Dr. Hans  Ankwicz von Kleehoven<\/a><\/p>\n\n\n\n<p><a href=\"http:\/\/www.exlibris.or.at\/?page_id=1111\">Dr. Marco Birnholz Tauschliste<\/a> <\/p>\n\n\n\n<p> <a href=\"http:\/\/www.twr.at\/wp\/?page_id=689\">Eduard Dillmann Exlibrissammler<\/a> <\/p>\n\n\n\n<p> <a href=\"http:\/\/www.twr.at\/wp\/?page_id=709\">Rudolf von Hoschek Exlibrissammler<\/a> <\/p>\n\n\n\n<p><a href=\"http:\/\/www.exlibris.or.at\/?page_id=1847\">Heinrich von K\u00e1bdebo<\/a><\/p>\n\n\n\n<p><a href=\"http:\/\/www.exlibris.or.at\/?page_id=1222\">Karl Koch Exlibrissammler<\/a><\/p>\n\n\n\n<p> <a href=\"http:\/\/www.exlibris.or.at\/?page_id=1046\">Karl Mayl\u00e4nder Exlibris- und Kunstsammler<\/a> <\/p>\n\n\n\n<p><a href=\"http:\/\/www.exlibris.or.at\/?page_id=1276\">Arthur R\u00f6ssler und Walter Caspari<\/a><\/p>\n\n\n\n<p><a href=\"http:\/\/www.exlibris.or.at\/?page_id=1841\">Pater Josef Schock<\/a><\/p>\n\n\n\n<p><a href=\"http:\/\/www.exlibris.or.at\/?page_id=1724\">Josef W\u00fcnsch Kunstsammler<\/a><\/p>\n","protected":false},"excerpt":{"rendered":"<p>Thomas Alexander Carl Andorfer Exlibrissammler HR Dr. Hans Ankwicz von Kleehoven Dr. Marco Birnholz Tauschliste Eduard Dillmann Exlibrissammler Rudolf von Hoschek Exlibrissammler Heinrich von K\u00e1bdebo Karl Koch Exlibrissammler Karl Mayl\u00e4nder Exlibris- und Kunstsammler Arthur R\u00f6ssler und Walter Caspari Pater Josef Schock Josef W\u00fcnsch Kunstsammler<\/p>\n","protected":false},"author":1,"featured_media":0,"parent":0,"menu_order":0,"comment_status":"closed","ping_status":"closed","template":"","meta":{"footnotes":""},"_links":{"self":[{"href":"http:\/\/www.exlibris.or.at\/index.php?rest_route=\/wp\/v2\/pages\/1150"}],"collection":[{"href":"http:\/\/www.exlibris.or.at\/index.php?rest_route=\/wp\/v2\/pages"}],"about":[{"href":"http:\/\/www.exlibris.or.at\/index.php?rest_route=\/wp\/v2\/types\/page"}],"author":[{"embeddable":true,"href":"http:\/\/www.exlibris.or.at\/index.php?rest_route=\/wp\/v2\/users\/1"}],"replies":[{"embeddable":true,"href":"http:\/\/www.exlibris.or.at\/index.php?rest_route=%2Fwp%2Fv2%2Fcomments&post=1150"}],"version-history":[{"count":15,"href":"http:\/\/www.exlibris.or.at\/index.php?rest_route=\/wp\/v2\/pages\/1150\/revisions"}],"predecessor-version":[{"id":1849,"href":"http:\/\/www.exlibris.or.at\/index.php?rest_route=\/wp\/v2\/pages\/1150\/revisions\/1849"}],"wp:attachment":[{"href":"http:\/\/www.exlibris.or.at\/index.php?rest_route=%2Fwp%2Fv2%2Fmedia&parent=1150"}],"curies":[{"name":"wp","href":"https:\/\/api.w.org\/{rel}","templated":true}]}}